{"id":20,"date":"2016-10-24T21:55:01","date_gmt":"2016-10-24T19:55:01","guid":{"rendered":"http:\/\/www.priska.it\/?page_id=20"},"modified":"2020-08-22T09:13:02","modified_gmt":"2020-08-22T07:13:02","slug":"erlebnis-ratschings","status":"publish","type":"page","link":"http:\/\/www.priska.it\/?page_id=20","title":{"rendered":"Erlebnis Ratschings"},"content":{"rendered":"<div class=\"gdlr-shortcode-wrapper\"><div class=\"gdlr-item-title-wrapper gdlr-item pos-left pos-left-divider \"><div class=\"gdlr-item-title-head\"><h3 class=\"gdlr-item-title gdlr-skin-title gdlr-skin-border\">Erlebnis Ratschings<\/h3><div class=\"clear\"><\/div><\/div><div class=\"gdlr-item-title-divider\"><\/div><\/div><\/div>\n<p>In Ratschings ist nicht nur der Sport dank der idealen und vielf\u00e4ltigen Beschaffenheit des Gebietes, sondern auch Kultur und Geschichte allgegenw\u00e4rtig.<\/p>\n<p>&nbsp;<\/p>\n<p><strong>Ratschings im Sommer<\/strong><\/p>\n<p><iframe loading=\"lazy\" width=\"100%\" height=\"400\" src=\"https:\/\/www.youtube.com\/embed\/pZn8zWqKwmk\" frameborder=\"0\" allow=\"accelerometer; autoplay; encrypted-media; gyroscope; picture-in-picture\" allowfullscreen=\"\"><\/iframe><\/p>\n<p>&nbsp;<\/p>\n<p><strong>Ratschings im Winter<\/strong><\/p>\n<p><iframe loading=\"lazy\" width=\"100%\" height=\"400\" src=\"https:\/\/www.youtube.com\/embed\/bYGpQtuMiuo\" frameborder=\"0\" allow=\"accelerometer; autoplay; encrypted-media; gyroscope; picture-in-picture\" allowfullscreen=\"\"><\/iframe><\/p>\n<p>&nbsp;<\/p>\n<p><strong>Die Gilfenklamm<\/strong><\/p>\n<p>Die Gilfenklamm ist tief in reinwei\u00dfem Marmor eingeschnitten. Durch die Verwitterung ist er an der Oberfl\u00e4che meist dunkel,oft gr\u00fcn schimmernd. Erschlie\u00dfung 1893 &#8211; 1895.<\/p>\n<p>Gehzeit: 60 Minuten. H\u00f6henunterschied 175 m. <a href=\"http:\/\/www.ratschings.info\/de\/sommer-erleben\/naturschauspiel-gilfenklamm.html\" target=\"_blank\" rel=\"noopener noreferrer\">[mehr&#8230;]<\/a><\/p>\n<p><iframe loading=\"lazy\" src=\"https:\/\/www.youtube.com\/embed\/YryTXdhhFiw\" width=\"100%\" height=\"400\" frameborder=\"0\" allowfullscreen=\"allowfullscreen\"><\/iframe><\/p>\n<p><strong>Das Bergwerk Schneeberg<\/strong><\/p>\n<p>Das Bergwerk Schneeberg, das h\u00f6chstgelegene Bergwerk Europas und das am l\u00e4ngsten f\u00f6rdernde im Alpenraum (rund 800 Jahre Abbau von Silber, Blei und Zink) ist heute zum Besucherbergwerk ausgebaut. <a href=\"http:\/\/www.bergbaumuseum.it\/de\/ridnaun\/information\/index.asp\" target=\"_blank\" rel=\"noopener noreferrer\">[mehr&#8230;]<\/a><\/p>\n<p>&nbsp;<\/p>\n<p><strong>Schloss Wolfsthurn<\/strong><\/p>\n<p>Das sch\u00f6nste Schloss in Tirol so wurde Wolfsthurn im 19. Jahrhundert vom Historiker Joh. Nep. Tinkhauser bezeichnet. Die barocke Schlo\u00dfanlage ist in Tirol einmalig, sie thront auf einem H\u00fcgel oberhalb von Mareit, am Eingang ins Ridnauntal und umrahmt von den Stubaier Alpen. <a href=\"http:\/\/www.wolfsthurn.it\/de\/default.asp\" target=\"_blank\" rel=\"noopener noreferrer\">[mehr&#8230;]<\/a><\/p>\n<p>&nbsp;<\/p>\n<p><strong>Skigebiet Ratschings-Jaufen<\/strong><\/p>\n<p>Eine kurze Fahrt durch das bezaubernde Ratschingstal und schon sind Sie bei der Talstation der neuen Aufstiegsanlage Ratschings-Jaufen angekommen. Bereits w\u00e4hrend der komfortablen Bergfahrt mit der top-modernen 8er-Kabinenbahn genie\u00dfen Sie ein phantastisches Winterpanorama, das die Vorfreude auf einen sch\u00f6nen Skitag steigen l\u00e4sst. <a href=\"http:\/\/www.ratschings-jaufen.it\/\" target=\"_blank\" rel=\"noopener noreferrer\">[mehr&#8230;]<\/a><\/p>\n<p>&nbsp;<\/p>\n<p><strong>Webcams<\/strong><\/p>\n<p><iframe loading=\"lazy\" src=\"https:\/\/ratschings.it-wms.com\" width=\"100%\" height=\"400\" frameborder=\"0\"><\/iframe><\/p>\n<p><iframe loading=\"lazy\" src=\"http:\/\/webtv.feratel.com\/webtv\/?&amp;getLatest=1&amp;pg=5EB12424-7C2D-428A-BEFF-0C9140CD772F&amp;design=v3p&amp;cam=6030\" width=\"100%\" height=\"600\" frameborder=\"0\"><\/iframe><\/p>\n","protected":false},"excerpt":{"rendered":"<p>In Ratschings ist nicht nur der Sport dank der idealen und vielf\u00e4ltigen Beschaffenheit des Gebietes, sondern auch Kultur und Geschichte allgegenw\u00e4rtig. &nbsp; Ratschings im Sommer &nbsp; Ratschings im Winter &nbsp; Die Gilfenklamm Die Gilfenklamm ist tief in reinwei\u00dfem Marmor eingeschnitten. Durch die Verwitterung ist er an der Oberfl\u00e4che meist dunkel,oft gr\u00fcn schimmernd. Erschlie\u00dfung 1893 &#8211;&#8230; <\/p>\n<div class=\"clear\"><\/div>\n<p><a href=\"http:\/\/www.priska.it\/?page_id=20\" class=\"excerpt-read-more\">Continue Reading<i class=\"fa fa-long-arrow-right icon-long-arrow-right\"><\/i><\/a><\/p>\n","protected":false},"author":1,"featured_media":0,"parent":0,"menu_order":0,"comment_status":"closed","ping_status":"closed","template":"","meta":{"footnotes":""},"class_list":["post-20","page","type-page","status-publish","hentry"],"_links":{"self":[{"href":"http:\/\/www.priska.it\/index.php?rest_route=\/wp\/v2\/pages\/20","targetHints":{"allow":["GET"]}}],"collection":[{"href":"http:\/\/www.priska.it\/index.php?rest_route=\/wp\/v2\/pages"}],"about":[{"href":"http:\/\/www.priska.it\/index.php?rest_route=\/wp\/v2\/types\/page"}],"author":[{"embeddable":true,"href":"http:\/\/www.priska.it\/index.php?rest_route=\/wp\/v2\/users\/1"}],"replies":[{"embeddable":true,"href":"http:\/\/www.priska.it\/index.php?rest_route=%2Fwp%2Fv2%2Fcomments&post=20"}],"version-history":[{"count":9,"href":"http:\/\/www.priska.it\/index.php?rest_route=\/wp\/v2\/pages\/20\/revisions"}],"predecessor-version":[{"id":483,"href":"http:\/\/www.priska.it\/index.php?rest_route=\/wp\/v2\/pages\/20\/revisions\/483"}],"wp:attachment":[{"href":"http:\/\/www.priska.it\/index.php?rest_route=%2Fwp%2Fv2%2Fmedia&parent=20"}],"curies":[{"name":"wp","href":"https:\/\/api.w.org\/{rel}","templated":true}]}}